q*g - b. What is the units digit of g?
5
Let y(s) = -s**2 - 18*s + 10. What is the tens digit of y(-9)?
9
Let u be (180/(-54))/(2/(-3)). Suppose 3*v + 12 = 0, -h + u*v + 32 = 1. What is the units digit of h?
1
Suppose 0 = -4*z + 3*j - 1 - 1, -4*z - 2*j = -8. Suppose -2*r = -z - 3. What is the units digit of r?
2
Let j be (-2 - -3)*(0 + 3). Suppose 4*o + 141 = 5*b - 47, -3*b + j*o + 114 = 0. What is the tens digit of b?
3
Let v be (-1)/4*2*0. Suppose v = -a - 3*k + 1 + 1, 4*a + 3*k = 8. Let q = a + 1. What is the units digit of q?
3
Let b be (2/(-3))/((-1)/3). Suppose -2*u - 2*u + 124 = -4*x, -u + b*x = -34. What is the units digit of u?
8
Let w = -752 - -305. What is the tens digit of (-2)/(-12) - w/18?
2
Suppose t = 4*k - 15, 0 = 2*t - 3*t + 2*k - 9. What is the units digit of (1/t)/(2/(-102))?
7
What is the units digit of (-6)/(0 - 3/2)?
4
Let k(s) = s**3 + 7*s**2 - 3*s - 5. Let v(m) = m**3 + 2*m**2 + 2. Let p be v(-3). Let f be k(p). Suppose 2*c - 4 - f = 0. What is the tens digit of c?
1
Let g(k) = -k**2 - 23*k + 21. What is the tens digit of g(-16)?
3
Let v be (0 + -1)*(-1 + 1). Let h = 1 + v. Suppose 0*q - q + h = 0. What is the units digit of q?
1
Let a = 2 - 0. Suppose -2*x + 5*q = -25, -a*q + 6 = 5*x - 13. Suppose x*l = l, l = 5*r - 40. What is the units digit of r?
8
Suppose -31 + 117 = 2*b. What is the units digit of b?
3
Let r(d) = -3*d - 1. Let h be r(-1). What is the units digit of (2*-9)/(h + -3)?
8
Let c = 157 + -109. Suppose -4*u - 4*a = -c, 4*a = -3*u + 4*u - 37. What is the tens digit of u?
1
Suppose g + 4*w = 247, -2*g - 3*w = -2*w - 473. What is the units digit of g?
5
Let r be (10/(-15))/((-4)/102). Suppose 16 = 3*o - 4*n, -5*o = 5*n - 68 - r. What is the tens digit of o?
1
Let f = -78 + 87. What is the units digit of f?
9
Suppose 3*q - 24 = -3*a, -q - 7 = -2*a - 0*a. Suppose 0*f = -2*f + 5*w - 2, q*w = 6. What is the units digit of f?
4
Let d(i) = 2*i. Let c be d(-5). What is the units digit of (-62)/(-4) + c/(-20)?
6
Suppose 2*v + 5*j - 13 = -3, j + 22 = 2*v. Suppose -3*n = -n - 4. What is the units digit of v*1*n/5?
4
What is the units digit of 49/21*(-6)/(-2)?
7
Let h(y) = y**2 - 6*y + 6. Let q be h(5). What is the units digit of (q/3)/((-3)/(-81))?
9
Let n(r) = 7*r**2 - 2*r. What is the units digit of n(-2)?
2
Let y = -197 + 205. What is the units digit of y?
8
Let g = -2 - 7. Let h = g - -21. What is the units digit of ((-2)/6)/((-2)/h)?
2
Suppose -a - 2*t = -t - 15, -a = -4*t - 20. What is the tens digit of a?
1
Let b = -4 + 105. What is the hundreds digit of b?
1
What is the units digit of (1 - 0) + 133/19?
8
Suppose y - 4*m = -2 - 2, -y - 4*m = -36. Let v = -78 + 79. What is the tens digit of y + (-2 - 1) + v?
1
Suppose 10 + 40 = m. Let b = m + -3. What is the units digit of b?
7
Let u = 19 + 138. What is the tens digit of u?
5
Let j(u) = -31*u + 8. What is the hundreds digit of j(-9)?
2
Let l = 16 - 31. Let i be (l/(-25))/(2/10). Suppose i*g = -0*g + 33. What is the tens digit of g?
1
Let m be 435/21 - 2/(-7). Suppose -m = -4*b + 3. What is the units digit of b?
6
Let q(t) = 2*t**2 + 10*t + 13. What is the units digit of q(-12)?
1
Let f = 5 + -1. Let m be f*((-3)/(-4) + 2). Suppose -h + 1 = -g, -4*h = 3*g - m - 0. What is the units digit of h?
2
Let m be 1*(2 + (-3)/(-1)). Suppose d - 78 = -4*d + 3*i, 110 = 5*d + m*i. What is the tens digit of d?
1
Suppose 0 = 91*l - 86*l - 795. What is the units digit of l?
9
Let g be 4*(15/(-6) - -2). What is the tens digit of 4/(g*1/(-11))?
2
Let v(s) = 3*s + s**2 - 1 - 4 + 2. Suppose -k - 5*a - 35 = 4*k, -27 = 5*k + a. What is the units digit of v(k)?
7
Suppose 4*b = 3 + 9, 0 = 4*p + 4*b - 16. Let x = -3 - p. Let g(n) = -3*n - 6. What is the units digit of g(x)?
6
Let m be 0/((-2 + 0)*-1). Suppose m = 5*y - 2*v - 7 - 25, 2*y - v - 13 = 0. What is the units digit of (-8)/(-5 + (y - 3))?
4
Let k = 3 + 1. Suppose -12 + 4 = -k*z. Suppose z*r = 4*m + 42, -5*m - 3 = 7. What is the tens digit of r?
1
Suppose -15 = -y + 64. What is the tens digit of y?
7
Let i = 3 + -1. Suppose -5*k = 5*u - 190, -i*k + 6*k = u - 43. What is the units digit of u?
9
Let r(j) = -5*j - j + 2 - 4 - 3 + j**2. Let i be r(7). Suppose i*u - 6 - 6 = 0. What is the units digit of u?
6
Let y(a) = a**3 - 3*a**2 - a - 5. Let d be y(4). Suppose -12 = -d*l + 3*l. What is the units digit of -1*-4*l/2?
6
Let c(w) = 2*w**3 - 5*w**2 + 3*w + 3. What is the tens digit of c(3)?
2
Suppose -5*o + 2*o = -24. Suppose -2*z - 2*b = -3 + 7, z - 4*b - o = 0. Suppose -x - 2*k = -12, z*k + 22 = 3*x - k. What is the units digit of x?
8
Let h = -17 + 7. Let s be (4/(-6))/(5/(-15)). What is the units digit of (-65)/h + (-1)/s?
6
Suppose -40 = -2*b - 2*m, 3*b - 4*m + 61 = 6*b. Suppose 4*u + 1 - 32 = -5*f, f = 2*u - b. What is the units digit of u?
9
Let a(j) = -j + 0*j**3 + 5*j**2 + j**2 + 8 - j**3. Let r be a(6). Suppose 3*t = r*t + 3. What is the units digit of t?
3
Suppose 0 = 3*g + 28 + 74. Let x = 19 + g. What is the units digit of x/(-2)*8/12?
5
Let y(n) = 3*n**2 - 2*n - 1. Let t be y(2). Let i(z) = -z**3 + 7*z**2 + 2*z + 3. What is the tens digit of i(t)?
1
Suppose 0 = 4*u - 3*c - c, -u + 3*c - 10 = 0. What is the units digit of u?
5
Suppose 6*y = -450 + 2346. What is the tens digit of y?
1
Let v = 24 - 2. Suppose 2*p + v = 76. What is the tens digit of p?
2
Suppose 4*l - 112 - 4 = 0. Suppose 0 = -p + t + 3 + l, 148 = 5*p + t. What is the units digit of p?
0
Let g(f) be the first derivative of -f**3/3 - 3*f**2/2 + f - 1. What is the units digit of g(-3)?
1
Let x(u) = 3*u**3 + u**2 - u + 1. Let g be x(1). Suppose 3*f = -2*f - g*o + 53, -4*f - 3*o + 43 = 0. What is the units digit of f?
3
Let j(l) = l**3 - 2*l**2 - 4*l - 4. Let v = 5 - 0. What is the tens digit of j(v)?
5
What is the tens digit of ((-1)/2 - 0)*2 + 53?
5
Suppose 60 - 14 = w. What is the units digit of w?
6
Let x be (-4)/(2/(-1) + 2 + -2). Suppose p = -2*p + 99. Suppose -5*n + p = -x*n. What is the tens digit of n?
1
Suppose 153 = 5*c - 297. What is the units digit of c?
0
Let o(u) = -u**3 - 3*u**2 - 7*u - 3. Let m be o(-3). Suppose 3*y + y = -4. Let z = m + y. What is the tens digit of z?
1
Suppose 5*v - 6 = 4. Suppose 5*p = -v*a, 0 = -3*p - 2*p - 10. Suppose 2*m = -l - 4*l - a, 21 = l - 4*m. What is the units digit of l?
1
Let a(g) = -g**3 + 2*g**2 + 1. Let k be a(3). Let c = k - -50. What is the tens digit of c?
4
Let j = 58 + -37. Suppose 5*l = j + 49. What is the units digit of l?
4
Suppose -3*h - 315 = -4*f + 309, -2*f - h + 302 = 0. What is the hundreds digit of f?
1
Let t(w) = -w + 6. Let o be t(4). Suppose -3*z + 7 = -o*z. What is the units digit of z?
7
Let u be (-1)/1*5/5. Let s = 3 + u. What is the units digit of ((-3)/6)/(s/(-4))?
1
Suppose -m + 2*d - 6 = -64, 0 = -5*m + 4*d + 320. What is the units digit of m?
8
Suppose -2*v + v + o + 34 = 0, 4*o + 170 = 5*v. What is the units digit of v?
4
Let a(m) = m + 39. Suppose 3*n + 2*n = 0. Let h be a(n). Suppose -5*y = -3*u + 22 + 19, 5*u - y = h. What is the units digit of u?
7
Let o = 70 + 97. What is the tens digit of o?
6
Let a(t) = t**3 + 8*t**2 - 4*t + 6. What is the units digit of a(-8)?
8
What is the units digit of -1*(2 + -2) - -10?
0
Let z(q) = 5 + q + 3 - 1. Suppose -24 - 1 = 5*b. What is the units digit of z(b)?
2
Let y = 30 + 79. What is the hundreds digit of y?
1
Let c(v) = v + 1. Let x(g) = -8*g + 1. Let b(f) = 5*c(f) + x(f). Let a be b(6). What is the units digit of (-3)/(9/a) + -2?
2
Suppose -2*a + 18 = 4*j + 3*a, 0 = 2*a - 4. What is the units digit of 4 - (-5 + 4/j)?
7
Suppose 3*x - 2*d = 0, -3*x - 2*d = 3*d. Suppose x = f + 4*f - 15. Suppose -73 = -5*j - f. What is the tens digit of j?
1
Suppose 0 = 2*p + 3*r - 38, 3*p + 0*r - 56 = -5*r. What is the tens digit of p?
2
Let n = 2 + 57. What is the tens digit of n?
5
What is the tens digit of (-294)/(-8) + (-3)/(-12)?
3
Suppose 2*f = -5*u + 5*f + 15, 0 = 2*u + 4*f - 6. Suppose -u*q + 13 = -8. What is the units digit of q?
7
Suppose 6*z = 18*z - 960. What is the units digit of z?
0
Let c be ((-12)/(-18))/((-1)/(-9)). Suppose c*j = j + 20. Suppose -4*d = -9*d - j*f + 53, 12 = -4*f. What is the units digit of d?
3
Let s(k) = -k**3 - 5*k**2 + 2*k - 6. What is the tens digit of s(-6)?
1
Let u(f) = 14*f**2 + 2*f - 2. Suppose 2*r + 8 = 4. What i